{"id":2746,"date":"2025-03-26T00:52:46","date_gmt":"2025-03-26T00:52:46","guid":{"rendered":"https:\/\/procesadores.mx\/pypr\/?post_type=product&#038;p=2746"},"modified":"2026-04-15T17:03:49","modified_gmt":"2026-04-15T17:03:49","slug":"adata-ssd-sd620-1tb","status":"publish","type":"product","link":"https:\/\/procesadores.mx\/pypr\/producto\/adata-ssd-sd620-1tb\/","title":{"rendered":"ADATA SSD SD620 1TB"},"content":{"rendered":"<p>El <strong>ADATA SD620<\/strong> es un <strong>SSD externo de alto desempe\u00f1o<\/strong> pensado para usuarios que requieren velocidad, seguridad y durabilidad en su almacenamiento port\u00e1til. Su dise\u00f1o robusto lo convierte en la opci\u00f3n ideal para entornos din\u00e1micos donde la movilidad y la protecci\u00f3n de la informaci\u00f3n son esenciales.<\/p>\n<p>Gracias a su tecnolog\u00eda de estado s\u00f3lido, el SD620 permite <strong>transferencias r\u00e1pidas y estables<\/strong>, optimizando tiempos de trabajo al mover archivos pesados como videos, im\u00e1genes o bases de datos. Es una soluci\u00f3n eficiente tanto para profesionales como para usuarios que buscan mejorar su flujo de trabajo digital.<\/p>\n<p>Su construcci\u00f3n resistente est\u00e1 dise\u00f1ada para soportar el uso cotidiano, brindando mayor protecci\u00f3n frente a golpes o movimientos, lo que lo hace perfecto para llevarlo a cualquier lugar con total confianza.<\/p>\n<p>Adem\u00e1s, su formato compacto y ligero facilita su transporte, permitiendo tener acceso a tu informaci\u00f3n en todo momento. Compatible con m\u00faltiples dispositivos, el <strong>ADATA SD620<\/strong> se adapta f\u00e1cilmente a diferentes necesidades de almacenamiento, respaldo y productividad.<\/p>\n<p>El <strong>ADATA SD620<\/strong> es la combinaci\u00f3n ideal entre <strong>velocidad, resistencia y practicidad<\/strong>, ofreciendo una soluci\u00f3n confiable para quienes necesitan mantener su informaci\u00f3n segura y siempre disponible.<\/p>\n<div class=\"ficha-producto-table\">\n<hr \/>\n<table>\n<tbody>\n<tr class=\"titulo\">\n<td colspan=\"2\">Especificaciones T\u00e9cnicas<\/td>\n<\/tr>\n<tr>\n<td>Modelo<\/td>\n<td>ADATA SSD SD620<\/td>\n<\/tr>\n<tr>\n<td>Tipo<\/td>\n<td>SSD Externo<\/td>\n<\/tr>\n<tr>\n<td>Interfaz<\/td>\n<td>USB 3.2 Gen 2 (10Gbps) (retrocompatible con USB 2.0)<\/td>\n<\/tr>\n<tr>\n<td>Velocidad lectura<\/td>\n<td>Hasta 550 MB\/s<\/td>\n<\/tr>\n<tr>\n<td>Velocidad escritura<\/td>\n<td>Hasta 480 MB\/s<\/td>\n<\/tr>\n<tr>\n<td>Conectividad<\/td>\n<td>Cable USB 3.2<\/td>\n<\/tr>\n<tr>\n<td>Capacidades<\/td>\n<td>512GB \/ 1TB \/ 2TB<\/td>\n<\/tr>\n<tr>\n<td>Compatibilidad<\/td>\n<td>Windows, macOS, Android, consolas<\/td>\n<\/tr>\n<tr>\n<td>Dimensiones<\/td>\n<td>80 x 80 x 15,2 mm \/ 3,15 x 3,15 x 0,6 pulgadas<\/td>\n<\/tr>\n<tr>\n<td>Peso<\/td>\n<td>Ligero<\/td>\n<\/tr>\n<tr>\n<td>Uso recomendado<\/td>\n<td>Compatible con juegos de \u00faltima generaci\u00f3n.<\/td>\n<\/tr>\n<\/tbody>\n<\/table>\n<\/div>\n<hr \/>\n<h4>\u00danete a nuestra red de distribuidores<\/h4>\n<div class=\"wpforms-container wpforms-render-modern\" id=\"wpforms-658\"><form id=\"wpforms-form-658\" class=\"wpforms-validate wpforms-form wpforms-ajax-form\" data-formid=\"658\" method=\"post\" enctype=\"multipart\/form-data\" action=\"\/pypr\/wp-json\/wp\/v2\/product\/2746\" data-token=\"a9d36c7cc2317f32d9f372116296d9bf\" data-token-time=\"1778329349\"><noscript class=\"wpforms-error-noscript\">Por favor, activa JavaScript en tu navegador para completar este formulario.<\/noscript><div id=\"wpforms-error-noscript\" style=\"display: none;\">Por favor, activa JavaScript en tu navegador para completar este formulario.<\/div><div class=\"wpforms-field-container\">\t\t<div id=\"wpforms-658-field_2-container\"\n\t\t\tclass=\"wpforms-field wpforms-field-text\"\n\t\t\tdata-field-type=\"text\"\n\t\t\tdata-field-id=\"2\"\n\t\t\t>\n\t\t\t<label class=\"wpforms-field-label\" for=\"wpforms-658-field_2\" >Empresa Comentario social<\/label>\n\t\t\t<input type=\"text\" id=\"wpforms-658-field_2\" class=\"wpforms-field-medium\" name=\"wpforms[fields][2]\" >\n\t\t<\/div>\n\t\t<div id=\"wpforms-658-field_1-container\" class=\"wpforms-field wpforms-field-name\" data-field-id=\"1\"><label class=\"wpforms-field-label\" for=\"wpforms-658-field_1\">Nombre y Apellido <span class=\"wpforms-required-label\" aria-hidden=\"true\">*<\/span><\/label><input type=\"text\" id=\"wpforms-658-field_1\" class=\"wpforms-field-medium wpforms-field-required\" name=\"wpforms[fields][1]\" aria-errormessage=\"wpforms-658-field_1-error\" required><\/div><div id=\"wpforms-658-field_26-container\" class=\"wpforms-field wpforms-field-text\" data-field-id=\"26\"><label class=\"wpforms-field-label\" for=\"wpforms-658-field_26\">Empresa<\/label><input type=\"text\" id=\"wpforms-658-field_26\" class=\"wpforms-field-medium\" name=\"wpforms[fields][26]\" aria-errormessage=\"wpforms-658-field_26-error\" ><\/div><div id=\"wpforms-658-field_28-container\" class=\"wpforms-field wpforms-field-text\" data-field-id=\"28\"><label class=\"wpforms-field-label\" for=\"wpforms-658-field_28\">Raz\u00f3n social<\/label><input type=\"text\" id=\"wpforms-658-field_28\" class=\"wpforms-field-medium\" name=\"wpforms[fields][28]\" aria-errormessage=\"wpforms-658-field_28-error\" ><\/div><div id=\"wpforms-658-field_25-container\" class=\"wpforms-field wpforms-field-number\" data-field-id=\"25\"><label class=\"wpforms-field-label\" for=\"wpforms-658-field_25\">Tel\u00e9fono<\/label><input type=\"number\" id=\"wpforms-658-field_25\" class=\"wpforms-field-medium\" name=\"wpforms[fields][25]\" step=\"any\" aria-errormessage=\"wpforms-658-field_25-error\" ><\/div><div id=\"wpforms-658-field_24-container\" class=\"wpforms-field wpforms-field-email\" data-field-id=\"24\"><label class=\"wpforms-field-label\" for=\"wpforms-658-field_24\">Correo electr\u00f3nico <span class=\"wpforms-required-label\" aria-hidden=\"true\">*<\/span><\/label><input type=\"email\" id=\"wpforms-658-field_24\" class=\"wpforms-field-medium wpforms-field-required\" name=\"wpforms[fields][24]\" spellcheck=\"false\" aria-errormessage=\"wpforms-658-field_24-error\" required><\/div><div id=\"wpforms-658-field_30-container\" class=\"wpforms-field wpforms-field-textarea\" data-field-id=\"30\"><label class=\"wpforms-field-label\" for=\"wpforms-658-field_30\">Comentario<\/label><textarea id=\"wpforms-658-field_30\" class=\"wpforms-field-medium\" name=\"wpforms[fields][30]\" aria-errormessage=\"wpforms-658-field_30-error\" ><\/textarea><\/div><script>\n\t\t\t\t( function() {\n\t\t\t\t\tconst style = document.createElement( 'style' );\n\t\t\t\t\tstyle.appendChild( document.createTextNode( '#wpforms-658-field_2-container { position: absolute !important; overflow: hidden !important; display: inline !important; height: 1px !important; width: 1px !important; z-index: -1000 !important; padding: 0 !important; } #wpforms-658-field_2-container input { visibility: hidden; } #wpforms-conversational-form-page #wpforms-658-field_2-container label { counter-increment: none; }' ) );\n\t\t\t\t\tdocument.head.appendChild( style );\n\t\t\t\t\tdocument.currentScript?.remove();\n\t\t\t\t} )();\n\t\t\t<\/script><\/div><!-- .wpforms-field-container --><div class=\"wpforms-recaptcha-container wpforms-is-recaptcha wpforms-is-recaptcha-type-v2\" ><div class=\"g-recaptcha\" data-sitekey=\"6LfaqPQqAAAAAFgEdybefGJnVGb_Li16o6oVbY8s\"><\/div><input type=\"text\" name=\"g-recaptcha-hidden\" class=\"wpforms-recaptcha-hidden\" style=\"position:absolute!important;clip:rect(0,0,0,0)!important;height:1px!important;width:1px!important;border:0!important;overflow:hidden!important;padding:0!important;margin:0!important;\" data-rule-recaptcha=\"1\"><\/div><div class=\"wpforms-submit-container\" ><input type=\"hidden\" name=\"wpforms[id]\" value=\"658\"><input type=\"hidden\" name=\"page_title\" value=\"\"><input type=\"hidden\" name=\"page_url\" value=\"https:\/\/procesadores.mx\/pypr\/wp-json\/wp\/v2\/product\/2746\"><input type=\"hidden\" name=\"url_referer\" value=\"\"><button type=\"submit\" name=\"wpforms[submit]\" id=\"wpforms-submit-658\" class=\"wpforms-submit\" data-alt-text=\"Sending...\" data-submit-text=\"Enviar\" aria-live=\"assertive\" value=\"wpforms-submit\">Enviar<\/button><img decoding=\"async\" src=\"https:\/\/procesadores.mx\/pypr\/wp-content\/plugins\/wpforms-lite\/assets\/images\/submit-spin.svg\" class=\"wpforms-submit-spinner\" style=\"display: none;\" width=\"26\" height=\"26\" alt=\"Cargando\"><\/div><\/form><\/div>  <!-- .wpforms-container -->\n","protected":false},"excerpt":{"rendered":"<p>El ADATA SD620 1TB es un SSD externo de alto rendimiento con un dise\u00f1o compacto y resistente, ideal para almacenar y transportar datos de forma segura.<\/p>\n","protected":false},"featured_media":2749,"template":"","meta":{"nf_dc_page":"","site-sidebar-layout":"default","site-content-layout":"","ast-site-content-layout":"default","site-content-style":"default","site-sidebar-style":"default","ast-global-header-display":"","ast-banner-title-visibility":"","ast-main-header-display":"","ast-hfb-above-header-display":"","ast-hfb-below-header-display":"","ast-hfb-mobile-header-display":"","site-post-title":"","ast-breadcrumbs-content":"","ast-featured-img":"","footer-sml-layout":"","ast-disable-related-posts":"","theme-transparent-header-meta":"default","adv-header-id-meta":"","stick-header-meta":"","header-above-stick-meta":"","header-main-stick-meta":"","header-below-stick-meta":"","astra-migrate-meta-layouts":"set","ast-page-background-enabled":"default","ast-page-background-meta":{"desktop":{"background-color":"var(--ast-global-color-4)","background-image":"","background-repeat":"repeat","background-position":"center center","background-size":"auto","background-attachment":"scroll","background-type":"","background-media":"","overlay-type":"","overlay-color":"","overlay-opacity":"","overlay-gradient":""},"tablet":{"background-color":"","background-image":"","background-repeat":"repeat","background-position":"center center","background-size":"auto","background-attachment":"scroll","background-type":"","background-media":"","overlay-type":"","overlay-color":"","overlay-opacity":"","overlay-gradient":""},"mobile":{"background-color":"","background-image":"","background-repeat":"repeat","background-position":"center center","background-size":"auto","background-attachment":"scroll","background-type":"","background-media":"","overlay-type":"","overlay-color":"","overlay-opacity":"","overlay-gradient":""}},"ast-content-background-meta":{"desktop":{"background-color":"var(--ast-global-color-5)","background-image":"","background-repeat":"repeat","background-position":"center center","background-size":"auto","background-attachment":"scroll","background-type":"","background-media":"","overlay-type":"","overlay-color":"","overlay-opacity":"","overlay-gradient":""},"tablet":{"background-color":"var(--ast-global-color-5)","background-image":"","background-repeat":"repeat","background-position":"center center","background-size":"auto","background-attachment":"scroll","background-type":"","background-media":"","overlay-type":"","overlay-color":"","overlay-opacity":"","overlay-gradient":""},"mobile":{"background-color":"var(--ast-global-color-5)","background-image":"","background-repeat":"repeat","background-position":"center center","background-size":"auto","background-attachment":"scroll","background-type":"","background-media":"","overlay-type":"","overlay-color":"","overlay-opacity":"","overlay-gradient":""}}},"pwb-brand":[74],"product_brand":[],"product_cat":[86,61],"product_tag":[64],"class_list":{"0":"post-2746","1":"product","2":"type-product","3":"status-publish","4":"has-post-thumbnail","6":"pwb-brand-adata","7":"product_cat-impulso-tecnologico","8":"product_cat-unidad-ssd-portatil","9":"product_tag-ssd-portatil","10":"desktop-align-left","11":"tablet-align-left","12":"mobile-align-left","14":"first","15":"instock","16":"shipping-taxable","17":"product-type-simple"},"aioseo_notices":[],"brands":[{"id":74,"name":"ADATA","slug":"adata"}],"_links":{"self":[{"href":"https:\/\/procesadores.mx\/pypr\/wp-json\/wp\/v2\/product\/2746","targetHints":{"allow":["GET"]}}],"collection":[{"href":"https:\/\/procesadores.mx\/pypr\/wp-json\/wp\/v2\/product"}],"about":[{"href":"https:\/\/procesadores.mx\/pypr\/wp-json\/wp\/v2\/types\/product"}],"wp:featuredmedia":[{"embeddable":true,"href":"https:\/\/procesadores.mx\/pypr\/wp-json\/wp\/v2\/media\/2749"}],"wp:attachment":[{"href":"https:\/\/procesadores.mx\/pypr\/wp-json\/wp\/v2\/media?parent=2746"}],"wp:term":[{"taxonomy":"pwb-brand","embeddable":true,"href":"https:\/\/procesadores.mx\/pypr\/wp-json\/wp\/v2\/pwb-brand?post=2746"},{"taxonomy":"product_brand","embeddable":true,"href":"https:\/\/procesadores.mx\/pypr\/wp-json\/wp\/v2\/product_brand?post=2746"},{"taxonomy":"product_cat","embeddable":true,"href":"https:\/\/procesadores.mx\/pypr\/wp-json\/wp\/v2\/product_cat?post=2746"},{"taxonomy":"product_tag","embeddable":true,"href":"https:\/\/procesadores.mx\/pypr\/wp-json\/wp\/v2\/product_tag?post=2746"}],"curies":[{"name":"wp","href":"https:\/\/api.w.org\/{rel}","templated":true}]}}