{"id":3325,"date":"2025-04-11T00:21:28","date_gmt":"2025-04-11T00:21:28","guid":{"rendered":"https:\/\/procesadores.mx\/pypr\/?post_type=product&#038;p=3325"},"modified":"2025-04-11T00:21:28","modified_gmt":"2025-04-11T00:21:28","slug":"tarjeta-sandisk-microsdxc-nintendo-switch-256gb","status":"publish","type":"product","link":"https:\/\/procesadores.mx\/pypr\/producto\/tarjeta-sandisk-microsdxc-nintendo-switch-256gb\/","title":{"rendered":"Tarjeta SanDisk microSDXC Nintendo Switch 256GB"},"content":{"rendered":"<p>Disfruta una experiencia de juego sin interrupciones con la tarjeta microSDXC SanDisk de 256 GB, con licencia oficial para Nintendo Switch.<br \/>\nSu amplia capacidad te permite guardar tus juegos favoritos, contenidos descargables y partidas guardadas sin preocuparte por el espacio.<br \/>\nDise\u00f1ada para ofrecer un rendimiento confiable, cuenta con velocidades de lectura de hasta 100 MB\/s y escritura de hasta 90 MB\/s, lo que se traduce en cargas m\u00e1s r\u00e1pidas y un flujo de juego m\u00e1s fluido.<br \/>\nCompatible con todas las versiones de Nintendo Switch (Lite, OLED y cl\u00e1sica), es la opci\u00f3n ideal para gamers que buscan velocidad, capacidad y seguridad en un solo dispositivo.<\/p>\n","protected":false},"excerpt":{"rendered":"<p>Expande tu universo de juego con la memoria SanDisk microSDXC\u2122 de 256GB para Nintendo Switch.<br \/>\nVelocidad, rendimiento y capacidad en una sola tarjeta oficial.<\/p>\n","protected":false},"featured_media":3328,"template":"","meta":{"nf_dc_page":"","site-sidebar-layout":"default","site-content-layout":"","ast-site-content-layout":"default","site-content-style":"default","site-sidebar-style":"default","ast-global-header-display":"","ast-banner-title-visibility":"","ast-main-header-display":"","ast-hfb-above-header-display":"","ast-hfb-below-header-display":"","ast-hfb-mobile-header-display":"","site-post-title":"","ast-breadcrumbs-content":"","ast-featured-img":"","footer-sml-layout":"","ast-disable-related-posts":"","theme-transparent-header-meta":"default","adv-header-id-meta":"","stick-header-meta":"","header-above-stick-meta":"","header-main-stick-meta":"","header-below-stick-meta":"","astra-migrate-meta-layouts":"set","ast-page-background-enabled":"default","ast-page-background-meta":{"desktop":{"background-color":"var(--ast-global-color-4)","background-image":"","background-repeat":"repeat","background-position":"center center","background-size":"auto","background-attachment":"scroll","background-type":"","background-media":"","overlay-type":"","overlay-color":"","overlay-opacity":"","overlay-gradient":""},"tablet":{"background-color":"","background-image":"","background-repeat":"repeat","background-position":"center center","background-size":"auto","background-attachment":"scroll","background-type":"","background-media":"","overlay-type":"","overlay-color":"","overlay-opacity":"","overlay-gradient":""},"mobile":{"background-color":"","background-image":"","background-repeat":"repeat","background-position":"center center","background-size":"auto","background-attachment":"scroll","background-type":"","background-media":"","overlay-type":"","overlay-color":"","overlay-opacity":"","overlay-gradient":""}},"ast-content-background-meta":{"desktop":{"background-color":"var(--ast-global-color-5)","background-image":"","background-repeat":"repeat","background-position":"center center","background-size":"auto","background-attachment":"scroll","background-type":"","background-media":"","overlay-type":"","overlay-color":"","overlay-opacity":"","overlay-gradient":""},"tablet":{"background-color":"var(--ast-global-color-5)","background-image":"","background-repeat":"repeat","background-position":"center center","background-size":"auto","background-attachment":"scroll","background-type":"","background-media":"","overlay-type":"","overlay-color":"","overlay-opacity":"","overlay-gradient":""},"mobile":{"background-color":"var(--ast-global-color-5)","background-image":"","background-repeat":"repeat","background-position":"center center","background-size":"auto","background-attachment":"scroll","background-type":"","background-media":"","overlay-type":"","overlay-color":"","overlay-opacity":"","overlay-gradient":""}}},"pwb-brand":[78],"product_brand":[],"product_cat":[86,129],"product_tag":[131],"class_list":{"0":"post-3325","1":"product","2":"type-product","3":"status-publish","4":"has-post-thumbnail","6":"pwb-brand-sandisk","7":"product_cat-impulso-tecnologico","8":"product_cat-tarjetas-microsd","9":"product_tag-tarjeta-microsd","10":"desktop-align-left","11":"tablet-align-left","12":"mobile-align-left","14":"first","15":"instock","16":"shipping-taxable","17":"product-type-simple"},"aioseo_notices":[],"brands":[{"id":78,"name":"SanDisk","slug":"sandisk"}],"_links":{"self":[{"href":"https:\/\/procesadores.mx\/pypr\/wp-json\/wp\/v2\/product\/3325","targetHints":{"allow":["GET"]}}],"collection":[{"href":"https:\/\/procesadores.mx\/pypr\/wp-json\/wp\/v2\/product"}],"about":[{"href":"https:\/\/procesadores.mx\/pypr\/wp-json\/wp\/v2\/types\/product"}],"wp:featuredmedia":[{"embeddable":true,"href":"https:\/\/procesadores.mx\/pypr\/wp-json\/wp\/v2\/media\/3328"}],"wp:attachment":[{"href":"https:\/\/procesadores.mx\/pypr\/wp-json\/wp\/v2\/media?parent=3325"}],"wp:term":[{"taxonomy":"pwb-brand","embeddable":true,"href":"https:\/\/procesadores.mx\/pypr\/wp-json\/wp\/v2\/pwb-brand?post=3325"},{"taxonomy":"product_brand","embeddable":true,"href":"https:\/\/procesadores.mx\/pypr\/wp-json\/wp\/v2\/product_brand?post=3325"},{"taxonomy":"product_cat","embeddable":true,"href":"https:\/\/procesadores.mx\/pypr\/wp-json\/wp\/v2\/product_cat?post=3325"},{"taxonomy":"product_tag","embeddable":true,"href":"https:\/\/procesadores.mx\/pypr\/wp-json\/wp\/v2\/product_tag?post=3325"}],"curies":[{"name":"wp","href":"https:\/\/api.w.org\/{rel}","templated":true}]}}